?
2, 2141311
What are the prime factors of 85655?
5, 37, 463
What are the prime factors of 564978?
2, 3, 17, 29, 191
List the prime factors of 1972541.
1972541
What are the prime factors of 38946806?
2, 113, 172331
What are the prime factors of 106211?
7, 15173
List the prime factors of 338128.
2, 7, 3019
List the prime factors of 829890.
2, 3, 5, 9221
What are the prime factors of 1042517?
7, 148931
List the prime factors of 539528.
2, 11, 6131
List the prime factors of 4394656.
2, 7, 23, 853
List the prime factors of 14728258.
2, 223, 33023
List the prime factors of 2418557.
2418557
List the prime factors of 4309214.
2, 7, 13, 23677
What are the prime factors of 388110?
2, 3, 5, 17, 761
List the prime factors of 172563.
3, 97, 593
What are the prime factors of 1559993?
241, 6473
What are the prime factors of 267792?
2, 3, 7, 797
List the prime factors of 150811.
23, 79, 83
What are the prime factors of 164095?
5, 37, 887
List the prime factors of 660131.
660131
What are the prime factors of 765665?
5, 153133
What are the prime factors of 14271058?
2, 17, 421, 997
List the prime factors of 29886376.
2, 13, 41, 43, 163
What are the prime factors of 1993230?
2, 3, 5, 22147
What are the prime factors of 3314242?
2, 1657121
List the prime factors of 27028.
2, 29, 233
What are the prime factors of 16774703?
11, 59, 25847
What are the prime factors of 4937798?
2, 37, 53, 1259
List the prime factors of 14940.
2, 3, 5, 83
List the prime factors of 728889.
3, 7, 61, 569
List the prime factors of 4840703.
7, 73, 9473
List the prime factors of 36811532.
2, 9202883
List the prime factors of 1049775.
3, 5, 13997
What are the prime factors of 399178?
2, 13, 1181
List the prime factors of 12237768.
2, 3, 29, 5861
List the prime factors of 31147265.
5, 43, 277, 523
What are the prime factors of 11041?
61, 181
List the prime factors of 831348.
2, 3, 7, 3299
List the prime factors of 1000572.
2, 3, 199, 419
What are the prime factors of 287461?
337, 853
What are the prime factors of 153768?
2, 3, 43, 149
What are the prime factors of 23838800?
2, 5, 61, 977
What are the prime factors of 1127478?
2, 3, 11, 1553
List the prime factors of 20333446.
2, 7, 113, 12853
What are the prime factors of 9759476?
2, 41, 59509
List the prime factors of 177751.
7, 67, 379
What are the prime factors of 324119?
324119
What are the prime factors of 13076706?
2, 3, 17, 128203
What are the prime factors of 10507715?
5, 29, 72467
What are the prime factors of 131279?
43, 71
What are the prime factors of 4162714?
2, 859, 2423
List the prime factors of 2539507.
1063, 2389
What are the prime factors of 1163911?
7, 166273
List the prime factors of 6805.
5, 1361
What are the prime factors of 138188?
2, 179, 193
What are the prime factors of 381175?
5, 79, 193
What are the prime factors of 199315?
5, 39863
What are the prime factors of 210403?
210403
List the prime factors of 6374417.
7, 910631
List the prime factors of 180465.
3, 5, 53, 227
List the prime factors of 226607.
41, 5527
List the prime factors of 559685.
5, 7, 15991
List the prime factors of 456684.
2, 3, 19, 2003
What are the prime factors of 1095613?
1095613
What are the prime factors of 5346402?
2, 3, 891067
What are the prime factors of 1534273?
13, 107, 1103
List the prime factors of 79975.
5, 7, 457
What are the prime factors of 2339036?
2, 7, 83537
What are the prime factors of 334512?
2, 3, 23, 101
What are the prime factors of 681676?
2, 193, 883
List the prime factors of 306713.
11, 27883
List the prime factors of 20319967.
443, 45869
What are the prime factors of 9333902?
2, 19, 245629
List the prime factors of 224356.
2, 11, 5099
List the prime factors of 17198725.
5, 687949
What are the prime factors of 307095?
3, 5, 59, 347
List the prime factors of 1035534.
2, 3, 172589
What are the prime factors of 179265?
3, 5, 17, 19, 37
What are the prime factors of 3818260?
2, 5, 190913
What are the prime factors of 4595548?
2, 37, 31051
What are the prime factors of 349827?
3, 29, 4021
What are the prime factors of 114658?
2, 57329
What are the prime factors of 20459668?
2, 37, 138241
What are the prime factors of 11322545?
5, 13, 43, 4051
What are the prime factors of 1414167?
3, 471389
What are the prime factors of 3448997?
3448997
List the prime factors of 1712538.
2, 3, 89, 1069
What are the prime factors of 4993132?
2, 127, 9829
List the prime factors of 30744090.
2, 3, 5, 13, 19, 461
What are the prime factors of 1401454?
2, 29, 73, 331
List the prime factors of 1028495.
5, 13, 15823
What are the prime factors of 674299?
674299
What are the prime factors of 9655914?
2, 3, 19, 84701
What are the prime factors of 10392031?
13, 19, 42073
List the prime factors of 266874.
2, 3, 19, 2341
List the prime factors of 109635.
3, 5, 7309
What are the prime factors of 225350?
2, 5, 4507
What are the prime factors of 57613?
17, 3389
What are the prime factors of 8793378?
2, 3, 11, 89, 499
What are the prime factors of 809780?
2, 5, 19, 2131
List the prime factors of 762612.
2, 3, 103, 617
What are the prime factors of 183899?
173, 1063
What are the prime factors of 3647327?
3647327
List the prime factors of 6041227.
41, 147347
List the prime factors of 12212452.
2, 7, 79, 5521
List the prime factors of 4651755.
3, 5, 310117
List the prime factors of 3098877.
3, 1032959
List the prime factors of 11715375.
3, 5, 7, 4463
List the prime factors of 567012.
2, 3, 47251
List the prime factors of 24160825.
5, 13, 17, 4373
What are the prime factors of 1908775?
5, 11, 631
List the prime factors of 1726323.
3, 575441
List the prime factors of 1341170.
2, 5, 43, 3119
List the prime factors of 41436.
2, 3, 1151
List the prime factors of 8176205.
5, 1635241
What are the prime factors of 845342?
2, 17, 23, 47
List the prime factors of 10080887.
19, 67, 7919
List the prime factors of 324695.
5, 7, 9277
What are the prime factors of 356657?
7, 50951
What are the prime factors of 652394?
2, 137, 2381
List the prime factors of 175476.
2, 3, 7, 2089
List the prime factors of 442044.
2, 3, 4093
List the prime factors of 6705012.
2, 3, 293, 1907
List the prime factors of 4664354.
2, 23, 101399
List the prime factors of 17691389.
17691389
List the prime factors of 16798568.
2, 2099821
What are the prime factors of 425173?
7, 8677
What are the prime factors of 1335238?
2, 431, 1549
What are the prime factors of 316603?
7, 31, 1459
What are the prime factors of 245067?
3, 81689
List the prime factors of 6155772.
2, 3, 7, 19, 29
What are the prime factors of 9204768?
2, 3, 31, 1031
List the prime factors of 180347.
180347
What are the prime factors of 2736921?
3, 11, 197, 421
What are the prime factors of 497626?
2, 248813
What are the prime factors of 5741742?
2, 3, 73, 13109
What are the prime factors of 11915?
5, 2383
List the prime factors of 1599968.
2, 49999
What are the prime factors of 2037612?
2, 3, 277, 613
List the prime factors of 4568206.
2, 17, 134359
List the prime factors of 46956.
2, 3, 7, 13, 43
List the prime factors of 789800.
2, 5, 11, 359
What are the prime factors of 242887?
242887
List the prime factors of 1276665.
3, 5, 13, 6547
List the prime factors of 12706633.
17, 747449
List the prime factors of 518782.
2, 11, 23581
List the prime factors of 110142.
2, 3, 29, 211
List the prime factors of 969094.
2, 7, 69221
What are the prime factors of 207446?
2, 103723
What are the prime factors of 819672?
2, 3, 7, 17, 41
List the prime factors of 197139.
3, 65713
List the prime factors of 137275.
5, 17, 19
List the prime factors of 39208.
2, 13, 29
List the prime factors of 50594.
2, 41, 617
List the prime factors of 110468.
2, 27617
What are the prime factors of 9132339?
3, 3044113
What are the prime factors of 923788?
2, 157, 1471
List the prime factors of 24999778.
2, 131, 95419
List the prime factors of 132490.
2, 5, 13249
What are the prime factors of 34133464?
2, 29, 167, 881
What are the prime factors of 4371710?
2, 5, 7, 19, 173
What are the prime factors of 12214194?
2, 3, 17, 119747
What are the prime factors of 4002473?
47, 85159
List the prime factors of 29716.
2, 17, 19, 23
What are the prime factors of 1036659?
3, 13, 19, 1399
List the prime factors of 1340304.
2, 3, 7, 3989
What are the prime factors of 15518182?
2